{"id":275,"date":"2024-09-04T01:48:08","date_gmt":"2024-09-04T01:48:08","guid":{"rendered":"https:\/\/chantalpayet.fr\/?page_id=275"},"modified":"2025-10-11T08:23:03","modified_gmt":"2025-10-11T08:23:03","slug":"nuages-2","status":"publish","type":"page","link":"https:\/\/chantalpayet.fr\/index.php\/nuages-2\/","title":{"rendered":"Nuages"},"content":{"rendered":"\n<p>Des cirrus en attente d\u2019une modification du temps, comme des boucles de cheveux en longs filaments blanc, comme une \u00e9criture suspendue, comme une port\u00e9e fluide et l\u00e9g\u00e8re.<\/p>\n\n\n\n<p class=\"has-medium-font-size\">Installation porcelaine 4 x1 m  -dimensions variables<\/p>\n\n\n\n<p>2024 Galerie La Vitrine Marcigny<br>2025 Orangerie, parc de la t\u00eate d&rsquo;or, B.H.N. Lyon<\/p>\n\n\n\n<p><\/p>\n\n\n\n<figure class=\"wp-block-gallery has-nested-images columns-2 is-cropped wp-block-gallery-1 is-layout-flex wp-block-gallery-is-layout-flex\">\n<figure class=\"wp-block-image size-large\"><img loading=\"lazy\" decoding=\"async\" width=\"600\" height=\"800\" data-id=\"268\" src=\"https:\/\/chantalpayet.fr\/wp-content\/uploads\/2024\/08\/titre-nuages.jpg\" alt=\"\" class=\"wp-image-268\" srcset=\"https:\/\/chantalpayet.fr\/wp-content\/uploads\/2024\/08\/titre-nuages.jpg 600w, https:\/\/chantalpayet.fr\/wp-content\/uploads\/2024\/08\/titre-nuages-225x300.jpg 225w\" sizes=\"auto, (max-width: 600px) 100vw, 600px\" \/><\/figure>\n\n\n\n<figure class=\"wp-block-image size-large\"><img loading=\"lazy\" decoding=\"async\" width=\"1024\" height=\"728\" data-id=\"270\" src=\"https:\/\/chantalpayet.fr\/wp-content\/uploads\/2024\/08\/100-vitrine-instal-nuages-1024x728.jpg\" alt=\"\" class=\"wp-image-270\" srcset=\"https:\/\/chantalpayet.fr\/wp-content\/uploads\/2024\/08\/100-vitrine-instal-nuages-1024x728.jpg 1024w, https:\/\/chantalpayet.fr\/wp-content\/uploads\/2024\/08\/100-vitrine-instal-nuages-300x213.jpg 300w, https:\/\/chantalpayet.fr\/wp-content\/uploads\/2024\/08\/100-vitrine-instal-nuages-768x546.jpg 768w, https:\/\/chantalpayet.fr\/wp-content\/uploads\/2024\/08\/100-vitrine-instal-nuages.jpg 1187w\" sizes=\"auto, (max-width: 1024px) 100vw, 1024px\" \/><\/figure>\n\n\n\n<figure class=\"wp-block-image size-large\"><img loading=\"lazy\" decoding=\"async\" width=\"760\" height=\"1024\" data-id=\"269\" src=\"https:\/\/chantalpayet.fr\/wp-content\/uploads\/2024\/08\/vitrine-installation-copie-760x1024.jpg\" alt=\"\" class=\"wp-image-269\" srcset=\"https:\/\/chantalpayet.fr\/wp-content\/uploads\/2024\/08\/vitrine-installation-copie-760x1024.jpg 760w, https:\/\/chantalpayet.fr\/wp-content\/uploads\/2024\/08\/vitrine-installation-copie-223x300.jpg 223w, https:\/\/chantalpayet.fr\/wp-content\/uploads\/2024\/08\/vitrine-installation-copie-768x1035.jpg 768w, https:\/\/chantalpayet.fr\/wp-content\/uploads\/2024\/08\/vitrine-installation-copie.jpg 1114w\" sizes=\"auto, (max-width: 760px) 100vw, 760px\" \/><\/figure>\n\n\n\n<figure class=\"wp-block-image size-large\"><img loading=\"lazy\" decoding=\"async\" width=\"768\" height=\"1024\" data-id=\"267\" src=\"https:\/\/chantalpayet.fr\/wp-content\/uploads\/2024\/08\/nuages-galerie-768x1024.jpg\" alt=\"\" class=\"wp-image-267\" srcset=\"https:\/\/chantalpayet.fr\/wp-content\/uploads\/2024\/08\/nuages-galerie-768x1024.jpg 768w, https:\/\/chantalpayet.fr\/wp-content\/uploads\/2024\/08\/nuages-galerie-225x300.jpg 225w, https:\/\/chantalpayet.fr\/wp-content\/uploads\/2024\/08\/nuages-galerie-1152x1536.jpg 1152w, https:\/\/chantalpayet.fr\/wp-content\/uploads\/2024\/08\/nuages-galerie.jpg 1200w\" sizes=\"auto, (max-width: 768px) 100vw, 768px\" \/><\/figure>\n\n\n\n<figure class=\"wp-block-image size-large\"><img loading=\"lazy\" decoding=\"async\" width=\"1024\" height=\"576\" data-id=\"266\" src=\"https:\/\/chantalpayet.fr\/wp-content\/uploads\/2024\/08\/nuages-noirs-1024x576.jpg\" alt=\"\" class=\"wp-image-266\" srcset=\"https:\/\/chantalpayet.fr\/wp-content\/uploads\/2024\/08\/nuages-noirs-1024x576.jpg 1024w, https:\/\/chantalpayet.fr\/wp-content\/uploads\/2024\/08\/nuages-noirs-300x169.jpg 300w, https:\/\/chantalpayet.fr\/wp-content\/uploads\/2024\/08\/nuages-noirs-768x432.jpg 768w, https:\/\/chantalpayet.fr\/wp-content\/uploads\/2024\/08\/nuages-noirs-1536x864.jpg 1536w, https:\/\/chantalpayet.fr\/wp-content\/uploads\/2024\/08\/nuages-noirs-2048x1153.jpg 2048w\" sizes=\"auto, (max-width: 1024px) 100vw, 1024px\" \/><\/figure>\n\n\n\n<figure class=\"wp-block-image size-large\"><img loading=\"lazy\" decoding=\"async\" width=\"681\" height=\"1024\" data-id=\"443\" src=\"http:\/\/chantalpayet.fr\/wp-content\/uploads\/2025\/10\/110-nuages-orangerie-681x1024.jpeg\" alt=\"\" class=\"wp-image-443\" srcset=\"https:\/\/chantalpayet.fr\/wp-content\/uploads\/2025\/10\/110-nuages-orangerie-681x1024.jpeg 681w, https:\/\/chantalpayet.fr\/wp-content\/uploads\/2025\/10\/110-nuages-orangerie-199x300.jpeg 199w, https:\/\/chantalpayet.fr\/wp-content\/uploads\/2025\/10\/110-nuages-orangerie-768x1155.jpeg 768w, https:\/\/chantalpayet.fr\/wp-content\/uploads\/2025\/10\/110-nuages-orangerie-1021x1536.jpeg 1021w, https:\/\/chantalpayet.fr\/wp-content\/uploads\/2025\/10\/110-nuages-orangerie.jpeg 1133w\" sizes=\"auto, (max-width: 681px) 100vw, 681px\" \/><\/figure>\n<\/figure>\n","protected":false},"excerpt":{"rendered":"<p>Des cirrus en attente d\u2019une modification du temps, comme des boucles de cheveux en longs filaments blanc, comme une \u00e9criture suspendue, comme une port\u00e9e fluide et l\u00e9g\u00e8re. Installation porcelaine 4 x1 m -dimensions variables 2024 Galerie La Vitrine Marcigny2025 Orangerie, parc de la t\u00eate d&rsquo;or, B.H.N. Lyon<\/p>\n","protected":false},"author":1,"featured_media":0,"parent":0,"menu_order":0,"comment_status":"closed","ping_status":"closed","template":"","meta":{"footnotes":""},"class_list":["post-275","page","type-page","status-publish","hentry"],"_links":{"self":[{"href":"https:\/\/chantalpayet.fr\/index.php\/wp-json\/wp\/v2\/pages\/275","targetHints":{"allow":["GET"]}}],"collection":[{"href":"https:\/\/chantalpayet.fr\/index.php\/wp-json\/wp\/v2\/pages"}],"about":[{"href":"https:\/\/chantalpayet.fr\/index.php\/wp-json\/wp\/v2\/types\/page"}],"author":[{"embeddable":true,"href":"https:\/\/chantalpayet.fr\/index.php\/wp-json\/wp\/v2\/users\/1"}],"replies":[{"embeddable":true,"href":"https:\/\/chantalpayet.fr\/index.php\/wp-json\/wp\/v2\/comments?post=275"}],"version-history":[{"count":4,"href":"https:\/\/chantalpayet.fr\/index.php\/wp-json\/wp\/v2\/pages\/275\/revisions"}],"predecessor-version":[{"id":444,"href":"https:\/\/chantalpayet.fr\/index.php\/wp-json\/wp\/v2\/pages\/275\/revisions\/444"}],"wp:attachment":[{"href":"https:\/\/chantalpayet.fr\/index.php\/wp-json\/wp\/v2\/media?parent=275"}],"curies":[{"name":"wp","href":"https:\/\/api.w.org\/{rel}","templated":true}]}}