{"id":388,"date":"2025-06-28T15:28:46","date_gmt":"2025-06-28T15:28:46","guid":{"rendered":"https:\/\/chantalpayet.fr\/?page_id=388"},"modified":"2025-07-05T20:08:01","modified_gmt":"2025-07-05T20:08:01","slug":"sur-le-chemin-des-cabanes","status":"publish","type":"page","link":"https:\/\/chantalpayet.fr\/index.php\/sur-le-chemin-des-cabanes\/","title":{"rendered":"Sur le chemin des cabanes"},"content":{"rendered":"\n<p>Sans bruit depuis 2020 \u00e0 Chan\u00e9ac Ard\u00e8che,<br> je s\u00e8me des sculptures qui s\u2019int\u00e8grent au paysage, au plus grand plaisir des promeneurs.&nbsp;..<\/p>\n\n\n\n<figure class=\"wp-block-image size-large\"><img loading=\"lazy\" decoding=\"async\" width=\"827\" height=\"1024\" src=\"http:\/\/chantalpayet.fr\/wp-content\/uploads\/2025\/06\/140-chaneac-25a-827x1024.jpeg\" alt=\"\" class=\"wp-image-392\" srcset=\"https:\/\/chantalpayet.fr\/wp-content\/uploads\/2025\/06\/140-chaneac-25a-827x1024.jpeg 827w, https:\/\/chantalpayet.fr\/wp-content\/uploads\/2025\/06\/140-chaneac-25a-242x300.jpeg 242w, https:\/\/chantalpayet.fr\/wp-content\/uploads\/2025\/06\/140-chaneac-25a-768x951.jpeg 768w, https:\/\/chantalpayet.fr\/wp-content\/uploads\/2025\/06\/140-chaneac-25a.jpeg 1200w\" sizes=\"auto, (max-width: 827px) 100vw, 827px\" \/><\/figure>\n\n\n\n<figure class=\"wp-block-image size-large\"><img loading=\"lazy\" decoding=\"async\" width=\"1024\" height=\"674\" src=\"http:\/\/chantalpayet.fr\/wp-content\/uploads\/2025\/06\/140-Chaneac20-1024x674.jpg\" alt=\"\" class=\"wp-image-398\" srcset=\"https:\/\/chantalpayet.fr\/wp-content\/uploads\/2025\/06\/140-Chaneac20-1024x674.jpg 1024w, https:\/\/chantalpayet.fr\/wp-content\/uploads\/2025\/06\/140-Chaneac20-300x198.jpg 300w, https:\/\/chantalpayet.fr\/wp-content\/uploads\/2025\/06\/140-Chaneac20-768x506.jpg 768w, https:\/\/chantalpayet.fr\/wp-content\/uploads\/2025\/06\/140-Chaneac20.jpg 1200w\" sizes=\"auto, (max-width: 1024px) 100vw, 1024px\" \/><\/figure>\n\n\n\n<figure class=\"wp-block-image size-large\"><img loading=\"lazy\" decoding=\"async\" width=\"589\" height=\"1024\" src=\"http:\/\/chantalpayet.fr\/wp-content\/uploads\/2025\/06\/140-chaneac-20-b-589x1024.jpeg\" alt=\"\" class=\"wp-image-401\" srcset=\"https:\/\/chantalpayet.fr\/wp-content\/uploads\/2025\/06\/140-chaneac-20-b-589x1024.jpeg 589w, https:\/\/chantalpayet.fr\/wp-content\/uploads\/2025\/06\/140-chaneac-20-b-172x300.jpeg 172w, https:\/\/chantalpayet.fr\/wp-content\/uploads\/2025\/06\/140-chaneac-20-b-768x1336.jpeg 768w, https:\/\/chantalpayet.fr\/wp-content\/uploads\/2025\/06\/140-chaneac-20-b-883x1536.jpeg 883w, https:\/\/chantalpayet.fr\/wp-content\/uploads\/2025\/06\/140-chaneac-20-b-1177x2048.jpeg 1177w, https:\/\/chantalpayet.fr\/wp-content\/uploads\/2025\/06\/140-chaneac-20-b-scaled.jpeg 1472w\" sizes=\"auto, (max-width: 589px) 100vw, 589px\" \/><\/figure>\n\n\n\n<figure class=\"wp-block-image size-large\"><img loading=\"lazy\" decoding=\"async\" width=\"694\" height=\"1024\" src=\"http:\/\/chantalpayet.fr\/wp-content\/uploads\/2025\/06\/21-chaneac-copie-694x1024.jpg\" alt=\"\" class=\"wp-image-393\" srcset=\"https:\/\/chantalpayet.fr\/wp-content\/uploads\/2025\/06\/21-chaneac-copie-694x1024.jpg 694w, https:\/\/chantalpayet.fr\/wp-content\/uploads\/2025\/06\/21-chaneac-copie-203x300.jpg 203w, https:\/\/chantalpayet.fr\/wp-content\/uploads\/2025\/06\/21-chaneac-copie-768x1133.jpg 768w, https:\/\/chantalpayet.fr\/wp-content\/uploads\/2025\/06\/21-chaneac-copie.jpg 1000w\" sizes=\"auto, (max-width: 694px) 100vw, 694px\" \/><\/figure>\n\n\n\n<figure class=\"wp-block-image size-full\"><img loading=\"lazy\" decoding=\"async\" width=\"787\" height=\"956\" src=\"http:\/\/chantalpayet.fr\/wp-content\/uploads\/2025\/06\/22-venus-chaneac-copie.jpg\" alt=\"\" class=\"wp-image-397\" srcset=\"https:\/\/chantalpayet.fr\/wp-content\/uploads\/2025\/06\/22-venus-chaneac-copie.jpg 787w, https:\/\/chantalpayet.fr\/wp-content\/uploads\/2025\/06\/22-venus-chaneac-copie-247x300.jpg 247w, https:\/\/chantalpayet.fr\/wp-content\/uploads\/2025\/06\/22-venus-chaneac-copie-768x933.jpg 768w\" sizes=\"auto, (max-width: 787px) 100vw, 787px\" \/><\/figure>\n\n\n\n<figure class=\"wp-block-image size-large\"><img loading=\"lazy\" decoding=\"async\" width=\"768\" height=\"1024\" src=\"http:\/\/chantalpayet.fr\/wp-content\/uploads\/2025\/06\/IMG_20220708_124103-768x1024.jpg\" alt=\"\" class=\"wp-image-396\" srcset=\"https:\/\/chantalpayet.fr\/wp-content\/uploads\/2025\/06\/IMG_20220708_124103-768x1024.jpg 768w, https:\/\/chantalpayet.fr\/wp-content\/uploads\/2025\/06\/IMG_20220708_124103-225x300.jpg 225w, https:\/\/chantalpayet.fr\/wp-content\/uploads\/2025\/06\/IMG_20220708_124103-1152x1536.jpg 1152w, https:\/\/chantalpayet.fr\/wp-content\/uploads\/2025\/06\/IMG_20220708_124103-1536x2048.jpg 1536w, https:\/\/chantalpayet.fr\/wp-content\/uploads\/2025\/06\/IMG_20220708_124103-scaled.jpg 1920w\" sizes=\"auto, (max-width: 768px) 100vw, 768px\" \/><\/figure>\n\n\n\n<figure class=\"wp-block-image size-large\"><img loading=\"lazy\" decoding=\"async\" width=\"843\" height=\"1024\" src=\"http:\/\/chantalpayet.fr\/wp-content\/uploads\/2025\/06\/140-chaneac23a-843x1024.jpg\" alt=\"\" class=\"wp-image-395\" srcset=\"https:\/\/chantalpayet.fr\/wp-content\/uploads\/2025\/06\/140-chaneac23a-843x1024.jpg 843w, https:\/\/chantalpayet.fr\/wp-content\/uploads\/2025\/06\/140-chaneac23a-247x300.jpg 247w, https:\/\/chantalpayet.fr\/wp-content\/uploads\/2025\/06\/140-chaneac23a-768x932.jpg 768w, https:\/\/chantalpayet.fr\/wp-content\/uploads\/2025\/06\/140-chaneac23a.jpg 1200w\" sizes=\"auto, (max-width: 843px) 100vw, 843px\" \/><\/figure>\n\n\n\n<figure class=\"wp-block-image size-large\"><img loading=\"lazy\" decoding=\"async\" width=\"763\" height=\"1024\" src=\"http:\/\/chantalpayet.fr\/wp-content\/uploads\/2025\/06\/140-chaneac-23-763x1024.jpeg\" alt=\"\" class=\"wp-image-391\" srcset=\"https:\/\/chantalpayet.fr\/wp-content\/uploads\/2025\/06\/140-chaneac-23-763x1024.jpeg 763w, https:\/\/chantalpayet.fr\/wp-content\/uploads\/2025\/06\/140-chaneac-23-223x300.jpeg 223w, https:\/\/chantalpayet.fr\/wp-content\/uploads\/2025\/06\/140-chaneac-23-768x1031.jpeg 768w, https:\/\/chantalpayet.fr\/wp-content\/uploads\/2025\/06\/140-chaneac-23-1144x1536.jpeg 1144w, https:\/\/chantalpayet.fr\/wp-content\/uploads\/2025\/06\/140-chaneac-23.jpeg 1200w\" sizes=\"auto, (max-width: 763px) 100vw, 763px\" \/><\/figure>\n\n\n\n<figure class=\"wp-block-image size-full\"><img loading=\"lazy\" decoding=\"async\" width=\"683\" height=\"912\" src=\"http:\/\/chantalpayet.fr\/wp-content\/uploads\/2025\/06\/140-24-cabane8-copie.jpg\" alt=\"\" class=\"wp-image-400\" srcset=\"https:\/\/chantalpayet.fr\/wp-content\/uploads\/2025\/06\/140-24-cabane8-copie.jpg 683w, https:\/\/chantalpayet.fr\/wp-content\/uploads\/2025\/06\/140-24-cabane8-copie-225x300.jpg 225w\" sizes=\"auto, (max-width: 683px) 100vw, 683px\" \/><\/figure>\n\n\n\n<figure class=\"wp-block-image size-large\"><img loading=\"lazy\" decoding=\"async\" width=\"768\" height=\"1024\" src=\"http:\/\/chantalpayet.fr\/wp-content\/uploads\/2025\/06\/24-cabane9-copie-768x1024.jpg\" alt=\"\" class=\"wp-image-399\" srcset=\"https:\/\/chantalpayet.fr\/wp-content\/uploads\/2025\/06\/24-cabane9-copie-768x1024.jpg 768w, https:\/\/chantalpayet.fr\/wp-content\/uploads\/2025\/06\/24-cabane9-copie-225x300.jpg 225w, https:\/\/chantalpayet.fr\/wp-content\/uploads\/2025\/06\/24-cabane9-copie.jpg 800w\" sizes=\"auto, (max-width: 768px) 100vw, 768px\" \/><\/figure>\n\n\n\n<figure class=\"wp-block-image size-large\"><img loading=\"lazy\" decoding=\"async\" width=\"686\" height=\"1024\" src=\"http:\/\/chantalpayet.fr\/wp-content\/uploads\/2025\/06\/140-chaneac-23d-686x1024.jpg\" alt=\"\" class=\"wp-image-394\" srcset=\"https:\/\/chantalpayet.fr\/wp-content\/uploads\/2025\/06\/140-chaneac-23d-686x1024.jpg 686w, https:\/\/chantalpayet.fr\/wp-content\/uploads\/2025\/06\/140-chaneac-23d-201x300.jpg 201w, https:\/\/chantalpayet.fr\/wp-content\/uploads\/2025\/06\/140-chaneac-23d-768x1146.jpg 768w, https:\/\/chantalpayet.fr\/wp-content\/uploads\/2025\/06\/140-chaneac-23d.jpg 1000w\" sizes=\"auto, (max-width: 686px) 100vw, 686px\" \/><\/figure>\n\n\n\n<figure class=\"wp-block-image size-large\"><img loading=\"lazy\" decoding=\"async\" width=\"792\" height=\"1024\" src=\"http:\/\/chantalpayet.fr\/wp-content\/uploads\/2025\/06\/140-chaneac25b-792x1024.jpeg\" alt=\"\" class=\"wp-image-390\" srcset=\"https:\/\/chantalpayet.fr\/wp-content\/uploads\/2025\/06\/140-chaneac25b-792x1024.jpeg 792w, https:\/\/chantalpayet.fr\/wp-content\/uploads\/2025\/06\/140-chaneac25b-232x300.jpeg 232w, https:\/\/chantalpayet.fr\/wp-content\/uploads\/2025\/06\/140-chaneac25b-768x993.jpeg 768w, https:\/\/chantalpayet.fr\/wp-content\/uploads\/2025\/06\/140-chaneac25b-1188x1536.jpeg 1188w, https:\/\/chantalpayet.fr\/wp-content\/uploads\/2025\/06\/140-chaneac25b.jpeg 1200w\" sizes=\"auto, (max-width: 792px) 100vw, 792px\" \/><\/figure>\n","protected":false},"excerpt":{"rendered":"<p>Sans bruit depuis 2020 \u00e0 Chan\u00e9ac Ard\u00e8che, je s\u00e8me des sculptures qui s\u2019int\u00e8grent au paysage, au plus grand plaisir des promeneurs.&nbsp;..<\/p>\n","protected":false},"author":1,"featured_media":401,"parent":0,"menu_order":0,"comment_status":"closed","ping_status":"closed","template":"","meta":{"footnotes":""},"class_list":["post-388","page","type-page","status-publish","has-post-thumbnail","hentry"],"_links":{"self":[{"href":"https:\/\/chantalpayet.fr\/index.php\/wp-json\/wp\/v2\/pages\/388","targetHints":{"allow":["GET"]}}],"collection":[{"href":"https:\/\/chantalpayet.fr\/index.php\/wp-json\/wp\/v2\/pages"}],"about":[{"href":"https:\/\/chantalpayet.fr\/index.php\/wp-json\/wp\/v2\/types\/page"}],"author":[{"embeddable":true,"href":"https:\/\/chantalpayet.fr\/index.php\/wp-json\/wp\/v2\/users\/1"}],"replies":[{"embeddable":true,"href":"https:\/\/chantalpayet.fr\/index.php\/wp-json\/wp\/v2\/comments?post=388"}],"version-history":[{"count":4,"href":"https:\/\/chantalpayet.fr\/index.php\/wp-json\/wp\/v2\/pages\/388\/revisions"}],"predecessor-version":[{"id":428,"href":"https:\/\/chantalpayet.fr\/index.php\/wp-json\/wp\/v2\/pages\/388\/revisions\/428"}],"wp:featuredmedia":[{"embeddable":true,"href":"https:\/\/chantalpayet.fr\/index.php\/wp-json\/wp\/v2\/media\/401"}],"wp:attachment":[{"href":"https:\/\/chantalpayet.fr\/index.php\/wp-json\/wp\/v2\/media?parent=388"}],"curies":[{"name":"wp","href":"https:\/\/api.w.org\/{rel}","templated":true}]}}