{"id":52,"date":"2024-02-29T07:28:58","date_gmt":"2024-02-29T07:28:58","guid":{"rendered":"http:\/\/chantalpayet.fr\/?page_id=52"},"modified":"2025-10-11T09:03:18","modified_gmt":"2025-10-11T09:03:18","slug":"concretions","status":"publish","type":"page","link":"https:\/\/chantalpayet.fr\/index.php\/concretions\/","title":{"rendered":"Concr\u00e9tions"},"content":{"rendered":"\n<p>Recherches de porcelaine coul\u00e9e dans des moules en tissus, processus qui inverse les formes et suscite l\u2019al\u00e9atoire. Dans cette s\u00e9rie, une nature hybride entre organique et min\u00e9rale opposant&nbsp; mou gluant lisse et rugueux r\u00eache anguleux.<\/p>\n\n\n\n<p>2025 &#8211; installation \u00e0 l&rsquo;Orangerie &#8211; B.H.N. &#8211; Lyon 6e<\/p>\n\n\n\n<figure class=\"wp-block-gallery has-nested-images columns-2 wp-block-gallery-1 is-layout-flex wp-block-gallery-is-layout-flex\">\n<figure class=\"wp-block-image size-full\"><img loading=\"lazy\" decoding=\"async\" width=\"600\" height=\"800\" data-id=\"432\" src=\"http:\/\/chantalpayet.fr\/wp-content\/uploads\/2025\/10\/14-concretions-titre2.jpg\" alt=\"\" class=\"wp-image-432\" srcset=\"https:\/\/chantalpayet.fr\/wp-content\/uploads\/2025\/10\/14-concretions-titre2.jpg 600w, https:\/\/chantalpayet.fr\/wp-content\/uploads\/2025\/10\/14-concretions-titre2-225x300.jpg 225w\" sizes=\"auto, (max-width: 600px) 100vw, 600px\" \/><\/figure>\n\n\n\n<figure class=\"wp-block-image size-large\"><img loading=\"lazy\" decoding=\"async\" width=\"1024\" height=\"1007\" data-id=\"451\" src=\"https:\/\/chantalpayet.fr\/wp-content\/uploads\/2025\/10\/orangerie-concretions-1024x1007.jpg\" alt=\"\" class=\"wp-image-451\"\/><\/figure>\n\n\n\n<figure class=\"wp-block-image size-large\"><img loading=\"lazy\" decoding=\"async\" width=\"800\" height=\"760\" data-id=\"55\" src=\"http:\/\/chantalpayet.fr\/wp-content\/uploads\/2024\/02\/14-concretions2-fleursroses.jpg\" alt=\"\" class=\"wp-image-55\" srcset=\"https:\/\/chantalpayet.fr\/wp-content\/uploads\/2024\/02\/14-concretions2-fleursroses.jpg 800w, https:\/\/chantalpayet.fr\/wp-content\/uploads\/2024\/02\/14-concretions2-fleursroses-300x285.jpg 300w, https:\/\/chantalpayet.fr\/wp-content\/uploads\/2024\/02\/14-concretions2-fleursroses-768x730.jpg 768w\" sizes=\"auto, (max-width: 800px) 100vw, 800px\" \/><\/figure>\n\n\n\n<figure class=\"wp-block-image size-large\"><img loading=\"lazy\" decoding=\"async\" width=\"1024\" height=\"1008\" data-id=\"380\" src=\"http:\/\/chantalpayet.fr\/wp-content\/uploads\/2025\/06\/0CCB4D1C-6BFB-4310-AD84-91727A201DCF-copie-1024x1008.jpeg\" alt=\"\" class=\"wp-image-380\" srcset=\"https:\/\/chantalpayet.fr\/wp-content\/uploads\/2025\/06\/0CCB4D1C-6BFB-4310-AD84-91727A201DCF-copie-1024x1008.jpeg 1024w, https:\/\/chantalpayet.fr\/wp-content\/uploads\/2025\/06\/0CCB4D1C-6BFB-4310-AD84-91727A201DCF-copie-300x295.jpeg 300w, https:\/\/chantalpayet.fr\/wp-content\/uploads\/2025\/06\/0CCB4D1C-6BFB-4310-AD84-91727A201DCF-copie-768x756.jpeg 768w, https:\/\/chantalpayet.fr\/wp-content\/uploads\/2025\/06\/0CCB4D1C-6BFB-4310-AD84-91727A201DCF-copie.jpeg 1200w\" sizes=\"auto, (max-width: 1024px) 100vw, 1024px\" \/><\/figure>\n\n\n\n<figure class=\"wp-block-image size-large\"><img loading=\"lazy\" decoding=\"async\" width=\"960\" height=\"709\" data-id=\"57\" src=\"http:\/\/chantalpayet.fr\/wp-content\/uploads\/2024\/02\/14-concretionsserpent.jpg\" alt=\"\" class=\"wp-image-57\" srcset=\"https:\/\/chantalpayet.fr\/wp-content\/uploads\/2024\/02\/14-concretionsserpent.jpg 960w, https:\/\/chantalpayet.fr\/wp-content\/uploads\/2024\/02\/14-concretionsserpent-300x222.jpg 300w, https:\/\/chantalpayet.fr\/wp-content\/uploads\/2024\/02\/14-concretionsserpent-768x567.jpg 768w\" sizes=\"auto, (max-width: 960px) 100vw, 960px\" \/><\/figure>\n\n\n\n<figure class=\"wp-block-image size-large\"><img loading=\"lazy\" decoding=\"async\" width=\"1000\" height=\"691\" data-id=\"59\" src=\"http:\/\/chantalpayet.fr\/wp-content\/uploads\/2024\/02\/14-concretionsoeufsrouge.jpg\" alt=\"\" class=\"wp-image-59\" srcset=\"https:\/\/chantalpayet.fr\/wp-content\/uploads\/2024\/02\/14-concretionsoeufsrouge.jpg 1000w, https:\/\/chantalpayet.fr\/wp-content\/uploads\/2024\/02\/14-concretionsoeufsrouge-300x207.jpg 300w, https:\/\/chantalpayet.fr\/wp-content\/uploads\/2024\/02\/14-concretionsoeufsrouge-768x531.jpg 768w\" sizes=\"auto, (max-width: 1000px) 100vw, 1000px\" \/><\/figure>\n\n\n\n<figure class=\"wp-block-image size-large\"><img loading=\"lazy\" decoding=\"async\" width=\"1000\" height=\"892\" data-id=\"62\" src=\"http:\/\/chantalpayet.fr\/wp-content\/uploads\/2024\/02\/14-concretionsdouble.jpg\" alt=\"\" class=\"wp-image-62\" srcset=\"https:\/\/chantalpayet.fr\/wp-content\/uploads\/2024\/02\/14-concretionsdouble.jpg 1000w, https:\/\/chantalpayet.fr\/wp-content\/uploads\/2024\/02\/14-concretionsdouble-300x268.jpg 300w, https:\/\/chantalpayet.fr\/wp-content\/uploads\/2024\/02\/14-concretionsdouble-768x685.jpg 768w\" sizes=\"auto, (max-width: 1000px) 100vw, 1000px\" \/><\/figure>\n\n\n\n<figure class=\"wp-block-image size-large\"><img loading=\"lazy\" decoding=\"async\" width=\"873\" height=\"1024\" data-id=\"58\" src=\"http:\/\/chantalpayet.fr\/wp-content\/uploads\/2024\/02\/14-concretionscoquille-873x1024.jpg\" alt=\"\" class=\"wp-image-58\" srcset=\"https:\/\/chantalpayet.fr\/wp-content\/uploads\/2024\/02\/14-concretionscoquille-873x1024.jpg 873w, https:\/\/chantalpayet.fr\/wp-content\/uploads\/2024\/02\/14-concretionscoquille-256x300.jpg 256w, https:\/\/chantalpayet.fr\/wp-content\/uploads\/2024\/02\/14-concretionscoquille-768x901.jpg 768w, https:\/\/chantalpayet.fr\/wp-content\/uploads\/2024\/02\/14-concretionscoquille.jpg 898w\" sizes=\"auto, (max-width: 873px) 100vw, 873px\" \/><\/figure>\n\n\n\n<figure class=\"wp-block-image size-large\"><img loading=\"lazy\" decoding=\"async\" width=\"952\" height=\"861\" data-id=\"60\" src=\"http:\/\/chantalpayet.fr\/wp-content\/uploads\/2024\/02\/14-concretionsajouree.jpg\" alt=\"\" class=\"wp-image-60\" srcset=\"https:\/\/chantalpayet.fr\/wp-content\/uploads\/2024\/02\/14-concretionsajouree.jpg 952w, https:\/\/chantalpayet.fr\/wp-content\/uploads\/2024\/02\/14-concretionsajouree-300x271.jpg 300w, https:\/\/chantalpayet.fr\/wp-content\/uploads\/2024\/02\/14-concretionsajouree-768x695.jpg 768w\" sizes=\"auto, (max-width: 952px) 100vw, 952px\" \/><\/figure>\n\n\n\n<figure class=\"wp-block-image size-large\"><img loading=\"lazy\" decoding=\"async\" width=\"800\" height=\"813\" data-id=\"61\" src=\"http:\/\/chantalpayet.fr\/wp-content\/uploads\/2024\/02\/14-concretions6-corne.jpg\" alt=\"\" class=\"wp-image-61\" srcset=\"https:\/\/chantalpayet.fr\/wp-content\/uploads\/2024\/02\/14-concretions6-corne.jpg 800w, https:\/\/chantalpayet.fr\/wp-content\/uploads\/2024\/02\/14-concretions6-corne-295x300.jpg 295w, https:\/\/chantalpayet.fr\/wp-content\/uploads\/2024\/02\/14-concretions6-corne-768x780.jpg 768w\" sizes=\"auto, (max-width: 800px) 100vw, 800px\" \/><\/figure>\n\n\n\n<figure class=\"wp-block-image size-large\"><img loading=\"lazy\" decoding=\"async\" width=\"1024\" height=\"806\" data-id=\"379\" src=\"http:\/\/chantalpayet.fr\/wp-content\/uploads\/2025\/06\/20500722-323E-4AA4-B242-A187863263FC-copie-1024x806.jpeg\" alt=\"\" class=\"wp-image-379\" srcset=\"https:\/\/chantalpayet.fr\/wp-content\/uploads\/2025\/06\/20500722-323E-4AA4-B242-A187863263FC-copie-1024x806.jpeg 1024w, https:\/\/chantalpayet.fr\/wp-content\/uploads\/2025\/06\/20500722-323E-4AA4-B242-A187863263FC-copie-300x236.jpeg 300w, https:\/\/chantalpayet.fr\/wp-content\/uploads\/2025\/06\/20500722-323E-4AA4-B242-A187863263FC-copie-768x604.jpeg 768w, https:\/\/chantalpayet.fr\/wp-content\/uploads\/2025\/06\/20500722-323E-4AA4-B242-A187863263FC-copie.jpeg 1200w\" sizes=\"auto, (max-width: 1024px) 100vw, 1024px\" \/><\/figure>\n\n\n\n<figure class=\"wp-block-image size-large\"><img loading=\"lazy\" decoding=\"async\" width=\"800\" height=\"766\" data-id=\"64\" src=\"http:\/\/chantalpayet.fr\/wp-content\/uploads\/2024\/02\/14-concretions4.jpg\" alt=\"\" class=\"wp-image-64\" srcset=\"https:\/\/chantalpayet.fr\/wp-content\/uploads\/2024\/02\/14-concretions4.jpg 800w, https:\/\/chantalpayet.fr\/wp-content\/uploads\/2024\/02\/14-concretions4-300x287.jpg 300w, https:\/\/chantalpayet.fr\/wp-content\/uploads\/2024\/02\/14-concretions4-768x735.jpg 768w\" sizes=\"auto, (max-width: 800px) 100vw, 800px\" \/><\/figure>\n\n\n\n<figure class=\"wp-block-image size-large\"><img loading=\"lazy\" decoding=\"async\" width=\"798\" height=\"1000\" data-id=\"65\" src=\"http:\/\/chantalpayet.fr\/wp-content\/uploads\/2024\/02\/14-concretions-epines.jpg\" alt=\"\" class=\"wp-image-65\" srcset=\"https:\/\/chantalpayet.fr\/wp-content\/uploads\/2024\/02\/14-concretions-epines.jpg 798w, https:\/\/chantalpayet.fr\/wp-content\/uploads\/2024\/02\/14-concretions-epines-239x300.jpg 239w, https:\/\/chantalpayet.fr\/wp-content\/uploads\/2024\/02\/14-concretions-epines-768x962.jpg 768w\" sizes=\"auto, (max-width: 798px) 100vw, 798px\" \/><\/figure>\n\n\n\n<figure class=\"wp-block-image size-large\"><img loading=\"lazy\" decoding=\"async\" width=\"897\" height=\"1024\" data-id=\"378\" src=\"http:\/\/chantalpayet.fr\/wp-content\/uploads\/2025\/06\/83C074C0-5160-4A8B-A0E9-F84EBB531F33-copie-897x1024.jpeg\" alt=\"\" class=\"wp-image-378\" srcset=\"https:\/\/chantalpayet.fr\/wp-content\/uploads\/2025\/06\/83C074C0-5160-4A8B-A0E9-F84EBB531F33-copie-897x1024.jpeg 897w, https:\/\/chantalpayet.fr\/wp-content\/uploads\/2025\/06\/83C074C0-5160-4A8B-A0E9-F84EBB531F33-copie-263x300.jpeg 263w, https:\/\/chantalpayet.fr\/wp-content\/uploads\/2025\/06\/83C074C0-5160-4A8B-A0E9-F84EBB531F33-copie-768x877.jpeg 768w, https:\/\/chantalpayet.fr\/wp-content\/uploads\/2025\/06\/83C074C0-5160-4A8B-A0E9-F84EBB531F33-copie.jpeg 1200w\" sizes=\"auto, (max-width: 897px) 100vw, 897px\" \/><\/figure>\n\n\n\n<figure class=\"wp-block-image size-large\"><img loading=\"lazy\" decoding=\"async\" width=\"800\" height=\"645\" data-id=\"66\" src=\"http:\/\/chantalpayet.fr\/wp-content\/uploads\/2024\/02\/14-concretions-corne.jpg\" alt=\"\" class=\"wp-image-66\" srcset=\"https:\/\/chantalpayet.fr\/wp-content\/uploads\/2024\/02\/14-concretions-corne.jpg 800w, https:\/\/chantalpayet.fr\/wp-content\/uploads\/2024\/02\/14-concretions-corne-300x242.jpg 300w, https:\/\/chantalpayet.fr\/wp-content\/uploads\/2024\/02\/14-concretions-corne-768x619.jpg 768w\" sizes=\"auto, (max-width: 800px) 100vw, 800px\" \/><\/figure>\n\n\n\n<figure class=\"wp-block-image size-large\"><img loading=\"lazy\" decoding=\"async\" width=\"1000\" height=\"882\" data-id=\"68\" src=\"http:\/\/chantalpayet.fr\/wp-content\/uploads\/2024\/02\/14-concretions-billes.jpg\" alt=\"\" class=\"wp-image-68\" srcset=\"https:\/\/chantalpayet.fr\/wp-content\/uploads\/2024\/02\/14-concretions-billes.jpg 1000w, https:\/\/chantalpayet.fr\/wp-content\/uploads\/2024\/02\/14-concretions-billes-300x265.jpg 300w, https:\/\/chantalpayet.fr\/wp-content\/uploads\/2024\/02\/14-concretions-billes-768x677.jpg 768w\" sizes=\"auto, (max-width: 1000px) 100vw, 1000px\" \/><\/figure>\n\n\n\n<figure class=\"wp-block-image size-large\"><img loading=\"lazy\" decoding=\"async\" width=\"1000\" height=\"750\" data-id=\"381\" src=\"https:\/\/chantalpayet.fr\/wp-content\/uploads\/2025\/06\/14-7concretions-edited.jpg\" alt=\"\" class=\"wp-image-381\" srcset=\"https:\/\/chantalpayet.fr\/wp-content\/uploads\/2025\/06\/14-7concretions-edited.jpg 1000w, https:\/\/chantalpayet.fr\/wp-content\/uploads\/2025\/06\/14-7concretions-edited-300x225.jpg 300w, https:\/\/chantalpayet.fr\/wp-content\/uploads\/2025\/06\/14-7concretions-edited-768x576.jpg 768w\" sizes=\"auto, (max-width: 1000px) 100vw, 1000px\" \/><\/figure>\n\n\n\n<figure class=\"wp-block-image size-large\"><img loading=\"lazy\" decoding=\"async\" width=\"1024\" height=\"887\" data-id=\"450\" src=\"https:\/\/chantalpayet.fr\/wp-content\/uploads\/2025\/10\/concretions-colette-1024x887.jpeg\" alt=\"\" class=\"wp-image-450\" srcset=\"https:\/\/chantalpayet.fr\/wp-content\/uploads\/2025\/10\/concretions-colette-1024x887.jpeg 1024w, https:\/\/chantalpayet.fr\/wp-content\/uploads\/2025\/10\/concretions-colette-300x260.jpeg 300w, https:\/\/chantalpayet.fr\/wp-content\/uploads\/2025\/10\/concretions-colette-768x666.jpeg 768w, https:\/\/chantalpayet.fr\/wp-content\/uploads\/2025\/10\/concretions-colette.jpeg 1184w\" sizes=\"auto, (max-width: 1024px) 100vw, 1024px\" \/><\/figure>\n<\/figure>\n","protected":false},"excerpt":{"rendered":"<p>Recherches de porcelaine coul\u00e9e dans des moules en tissus, processus qui inverse les formes et suscite l\u2019al\u00e9atoire. Dans cette s\u00e9rie, une nature hybride entre organique et min\u00e9rale opposant&nbsp; mou gluant lisse et rugueux r\u00eache anguleux. 2025 &#8211; installation \u00e0 l&rsquo;Orangerie &#8211; B.H.N. &#8211; Lyon 6e<\/p>\n","protected":false},"author":1,"featured_media":0,"parent":0,"menu_order":0,"comment_status":"closed","ping_status":"closed","template":"","meta":{"footnotes":""},"class_list":["post-52","page","type-page","status-publish","hentry"],"_links":{"self":[{"href":"https:\/\/chantalpayet.fr\/index.php\/wp-json\/wp\/v2\/pages\/52","targetHints":{"allow":["GET"]}}],"collection":[{"href":"https:\/\/chantalpayet.fr\/index.php\/wp-json\/wp\/v2\/pages"}],"about":[{"href":"https:\/\/chantalpayet.fr\/index.php\/wp-json\/wp\/v2\/types\/page"}],"author":[{"embeddable":true,"href":"https:\/\/chantalpayet.fr\/index.php\/wp-json\/wp\/v2\/users\/1"}],"replies":[{"embeddable":true,"href":"https:\/\/chantalpayet.fr\/index.php\/wp-json\/wp\/v2\/comments?post=52"}],"version-history":[{"count":11,"href":"https:\/\/chantalpayet.fr\/index.php\/wp-json\/wp\/v2\/pages\/52\/revisions"}],"predecessor-version":[{"id":458,"href":"https:\/\/chantalpayet.fr\/index.php\/wp-json\/wp\/v2\/pages\/52\/revisions\/458"}],"wp:attachment":[{"href":"https:\/\/chantalpayet.fr\/index.php\/wp-json\/wp\/v2\/media?parent=52"}],"curies":[{"name":"wp","href":"https:\/\/api.w.org\/{rel}","templated":true}]}}